o(k) = -28*k - 73. Calculate o(-2).
-17
Let c(p) = 7*p + 334. What is c(-43)?
33
Let b(t) = -t**3 - 3*t**2 + 2*t - 1. Calculate b(-3).
-7
Let u(z) = 7*z + 1. What is u(-5)?
-34
Let v(b) = b**2 - 8*b - 213. Determine v(-11).
-4
Let u(d) = -d**3 - 14*d**2 - 3*d + 32. Determine u(-14).
74
Let y(a) = a**2 - 9*a - 10. Calculate y(7).
-24
Let s(q) = 2*q**2 - 4*q + 4. Calculate s(3).
10
Let m(w) = 12*w + 1. Give m(-1).
-11
Let g(i) = 7*i**2 + 11*i + 6. Give g(-5).
126
Let m(z) = z**3 + 5*z - 4. Give m(2).
14
Let p(i) = i**3 + 7*i**2 + 4*i - 11. Determine p(-6).
1
Let o(a) = 12*a + 3. Give o(-3).
-33
Let b(o) = -o**3 - 24*o**2 - 4. Give b(-24).
-4
Let f(s) = s**2 + 6*s + 1. Determine f(-2).
-7
Let y(l) = -l**3 + 3*l**2 + 7*l - 6. Give y(4).
6
Let s(u) = 2*u - 7. Determine s(-4).
-15
Let d(r) = -r**2 - 13*r - 19. Calculate d(-9).
17
Let n(k) = -k**3 + 2*k - 2. What is n(2)?
-6
Let n(w) = -w**2 - 12*w + 1. Give n(-12).
1
Let z(i) = 3*i + 1. Calculate z(-2).
-5
Let v(l) = l**2 + 2*l - 27. What is v(-8)?
21
Let s(n) = -n**3 - n**2 - 2*n + 1. Determine s(-4).
57
Let u(g) = 8*g**2 + g + 1. What is u(-1)?
8
Let p(h) = -h**3 - 27*h**2 - 54*h - 99. What is p(-25)?
1
Let k(x) = -x**3 - 17*x**2 - 17*x - 14. Give k(-16).
2
Let x(v) = -v**3 - 5*v**2 - 9*v - 4. Give x(-3).
5
Let n(b) = -5*b**3 + 76*b**2 - 16*b + 16. What is n(15)?
1
Let t(p) = -p**2 - 3*p + 24. What is t(-7)?
-4
Let k(o) = 17*o + 109. Give k(-6).
7
Let p(n) = -4*n - 64. Calculate p(-15).
-4
Let i(z) = -3*z**2 - 48*z - 27. Calculate i(-14).
57
Let x(p) = 4*p - 14. Calculate x(-6).
-38
Let l(s) = -4*s**2 + 58*s + 38. What is l(15)?
8
Let s(c) = c**3 + 8*c**2 - 11*c - 17. Determine s(-9).
1
Let r(b) = -4*b - 5. Determine r(4).
-21
Let f(l) = l**3 - 8*l**2 + 5*l - 4. Give f(7).
-18
Let c(g) = -g - 4. Give c(-8).
4
Let b(f) = f**2 - 12*f - 18. What is b(14)?
10
Let s(g) = -11*g**2 + 154*g - 6. Determine s(14).
-6
Let g(w) = -6*w - 172. Give g(-28).
-4
Let n(h) = 30*h + 224. Give n(-8).
-16
Let v(k) = -k**3 - 3*k**2 + 7*k + 10. Determine v(-4).
-2
Let w(a) = -a**3 + 24*a**2 + 112*a + 5. Determine w(28).
5
Let i(g) = g**3 - g**2 + 5*g - 62. Give i(4).
6
Let j(p) = p**3 + 6*p**2 - 2. Give j(-6).
-2
Let w(u) = 2*u - 90. Determine w(23).
-44
Let s(o) = -7*o**2 - o + 2. What is s(2)?
-28
Let t(b) = -35*b + 238. Give t(7).
-7
Let g(o) = -2*o**2 + 18*o + 4. Determine g(10).
-16
Let y(h) = 4*h - 42. Give y(12).
6
Let x(r) = 17*r - 11. What is x(6)?
91
Let x(l) = -l**2 - 2*l + 7. Calculate x(0).
7
Let p(a) = a**2 + a - 7. Give p(3).
5
Let h(m) = -24*m - 21. Calculate h(-5).
99
Let y(q) = 4*q - 16. What is y(14)?
40
Let x(l) = l**3 + 18*l**2 - 17*l + 43. Calculate x(-19).
5
Let w(j) = -6*j + 6. Determine w(1).
0
Let r(x) = 2*x**2 - 25*x + 65. Give r(4).
-3
Let h(z) = -z**3 - z**2 + 9*z - 1. What is h(0)?
-1
Let f(y) = -y**2 - 12*y - 14. Calculate f(-11).
-3
Let d(k) = k**2 - 30*k - 32. What is d(31)?
-1
Let i(r) = -r**3 + 2*r**2 + 5*r - 4. What is i(4)?
-16
Let m(u) = -3*u - 18. Calculate m(-6).
0
Let c(b) = -5*b + 40. Calculate c(8).
0
Let k(b) = -7*b**2 - 79*b + 59. What is k(-12)?
-1
Let i(z) = -3*z**3 + 2*z**2 - 1. What is i(1)?
-2
Let c(d) = -32*d - 189. Determine c(-6).
3
Let d(s) = -s**3 + 10*s**2 - 11*s + 20. What is d(9)?
2
Let n(i) = -i**3 - 6*i**2 - 2*i - 3. Calculate n(-6).
9
Let j(m) = -29*m**3 - 2*m + 1. Calculate j(1).
-30
Let z(k) = k**3 - 3*k + 3. What is z(2)?
5
Let j(w) = -w**3 - 2*w + 52. What is j(0)?
52
Let o(q) = -8*q - 63. Give o(-8).
1
Let i(y) = -y**2 - 16*y - 100. Give i(-16).
-100
Let c(f) = 2*f**2 - 5*f + 1. Give c(4).
13
Let j(h) = h**3 - 7*h**2 + 3*h - 24. Determine j(7).
-3
Let p(w) = w**2 + 6*w + 8. Calculate p(-4).
0
Let r(a) = -2*a**3 - 2*a**2 - 1. What is r(-2)?
7
Let m(p) = -p**3 - 7*p**2 - 7*p - 7. What is m(-6)?
-1
Let o(c) = -5*c + 58. Give o(12).
-2
Let a(q) = q + 5. Determine a(2).
7
Let b(m) = 3*m**3 + 3*m**2 - m - 4. Give b(-1).
-3
Let u(c) = -c**3 + 8*c**2 + 7*c + 13. What is u(9)?
-5
Let g(y) = 4*y**3 - 3*y**2 + 2. Calculate g(1).
3
Let i(z) = -z**2 + 2*z + 3. Calculate i(4).
-5
Let u(r) = -r**2 + 19*r + 16. Give u(19).
16
Let s(m) = 13*m - 3. Calculate s(0).
-3
Let j(w) = -2*w**2 - 38*w - 12. Calculate j(-20).
-52
Let w(n) = 11*n - 76. Determine w(7).
1
Let m(h) = -h**2 + 3*h + 2. Give m(-4).
-26
Let u(y) = -12*y**2 + 97*y - 6. Determine u(8).
2
Let j(a) = 5*a - 51. Determine j(10).
-1
Let h(d) = d**2 - 6*d - 7. Give h(4).
-15
Let t(h) = 3*h - 7. Give t(8).
17
Let q(s) = -s**2 - 45*s + 250. What is q(-50)?
0
Let f(q) = -q + 11. Give f(11).
0
Let d(z) = -4*z + 50. Determine d(11).
6
Let z(s) = s**3 - 8*s**2 + 11*s - 21. What is z(7)?
7
Let o(g) = -g**3 + 7*g**2 + 8*g + 5. Give o(8).
5
Let u(n) = 2*n**2 - 15*n + 1. Calculate u(7).
-6
Let x(z) = 2*z**2 + 22*z + 33. Give x(-11).
33
Let j(u) = 2*u**2 - 45*u + 29. Calculate j(22).
7
Let h(c) = -4*c + 7. Determine h(8).
-25
Let m(a) = a**2 + a - 15. Give m(-5).
5
Let i(u) = -6*u - 16. What is i(-3)?
2
Let k(w) = -7*w - 44. What is k(-7)?
5
Let o(d) = d**2 - 5*d + 12. Calculate o(5).
12
Let f(c) = -36*c + 254. What is f(7)?
2
Let m(d) = -108*d + 108. Give m(1).
0
Let v(t) = -38*t + 460. What is v(12)?
4
Let a(t) = 10*t - 7. What is a(4)?
33
Let y(x) = -3*x**2 + 2*x + 14. Determine y(7).
-119
Let f(n) = 40*n + 3. Determine f(-1).
-37
Let c(f) = -2*f**3 - 14*f**2 - f - 6. Give c(-7).
1
Let s(u) = u**3 - 12*u**2 - 10*u + 1. What is s(13)?
40
Let g(z) = -z**2 + 2*z + 24. What is g(5)?
9
Let t(m) = m**2 - 17*m - 484. Give t(-15).
-4
Let m(j) = -j**3 - 13*j**2 - 15*j - 27. Determine m(-12).
9
Let n(c) = -c**3 - c**2 - c + 1. Determine n(-2).
7
Let a(l) = -l**3 + 11*l**2 + 45*l - 42. What is a(14)?
0
Let d(j) = 7*j + 1. Determine d(3).
22
Let w(a) = a**3 - 8*a**2 + 15*a. What is w(5)?
0
Let b(p) = -p**3 - 22*p**2 + 2*p + 49. What is b(-22)?
5
Let l(n) = n**3 - 5*n**2 + 5*n - 12. Give l(5).
13
Let x(r) = r**3 + 11*r**2 + 15. Calculate x(-11).
15
Let s(k) = -2*k + 28. Give s(13).
2
Let v(r) = 43*r + 100. Give v(-2).
14
Let o(b) = -b**2 + 12*b + 44. Give o(12).
44
Let j(v) = -v**3 + 13*v**2 - 13*v + 14. What is j(12)?
2
Let g(x) = -x**3 + 7*x**2 - 8*x + 6. Calculate g(6).
-6
Let u(d) = -10*d + 40. Determine u(4).
0
Let t(n) = n**3 - 17*n**2 + 18*n - 37. Determine t(16).
-5
Let y(b) = b**3 - 18*b**2 + 22*b - 74. Calculate y(17).
11
Let b(i) = -i**3 - 4*i**2 + 5. Calculate b(-4).
5
Let g(d) = d**3 + 11*d**2 - 14*d - 15. Calculate g(-12).
9
Let u(p) = -p**2 - 5*p + 38. Calculate u(6).
-28
Let v(u) = -u**3 - 5*u**2 + u. What is v(-3)?
-21
Let z(f) = -11*f - 395. Give z(-35).
-10
Let z(x) = x**3 + 28*x**2 + 28*x + 23. Calculate z(-27).
-4
Let b(z) = -z - 6. Determine b(-5).
-1
Let c(u) = 3*u + 16. What is c(-9)?
-11
Let m(x) = -9*x + 2. Determine m(-10).
92
Let z(y) = -y**3 - 6*y**2 + 15*y - 26. Give z(-8).
-18
Let r(n) = n**2 + 6*n - 5. Give r(-5).
-10
Let l(u) = 3*u**3 + 14*u**2 - 7*u + 2. Calculate l(-5).
12
Let n(h) = -6*h**2 + 15*h + 6. What is n(3)?
-3
Let l(s) = -2*s - 18. Determine l(-16).
14
Let v(b) = -28*b + 3. Calculate v(2).
-53
Let p(m) = -m**2 - 5*m + 19. Give p(-8).
-5
Let o(w) = -10*w + 177. Determine o(19).
-13
Let c(u) = -9*u + 16. What is c(3)?
-11
Let d(u) = -u**3 - 8*u**2 - 6*u + 28. What is d(-7)?
21
Let y(r) = r + 17. Calculate y(-9).
8
Let m(r) = r + 22. Give m(-10).
12
Let k(z) = z**3 - 7*z**2 + 7*z + 6. Give k(6).
12
Let c(h) = h**2 - 18*h + 26. Give c(13).
-39
Let b(s) = -11*s**3 + s. What is b(1)?
-10
Let d(a) = -27*a - 132. Give d(-5).
3
Let b(z) = -3*z**2 - 1. Determine b(1).
-4
Let u(b) = 15*b - 217. Calculate u(15).
8
Let n(p) = -3*p + 20. What is n(6)?
2
Let i(t) = -3*t**3 - t**2 + 9*t - 2. What is i(2)?
-12
Let k(p) = 3*p - 33. Give k(10).
-3
Let o(z) = 9*z**3 + 2*z**2 + 6*z + 5. What is o(-1)?
-8
Let k(u) = 6*u - 13. What is k(9)?
41
Let t(o) = 2*o - 7. What is t(6)?
5
Let x(a) = a - 1. Determine x(3).
2
Let h(b) = 66*b + 62. What is h(-1)?
-4
Let c(j) = 10*j**2 + 14*j - 9. Calculate c(-3).
39
Let q(u) = -2*u**3 + 6*u**2 + 4*u + 1. Calculate q(5).
-79
Let g(r) = 83*r + 1. Calculate g(1).
84
Let o(l) = 2*l**3 + l**2 + 2*l + 1. Give o(-1).
-2
Let k(s) = -5*s**2 - 2*s + 30. Calculate k(-6).
-138
Let m(j) = j**3 - 11*j**2 + 24*j - 6. Determine m(8).
-6
Let t(w) = -w**2 + 41*w - 151. What is t(37)?
-3
Let